{"version":"1.0","provider_name":"Arend &amp; Fischbach","provider_url":"https:\/\/arend-fischbach.lu\/fr","author_name":"Sacha Heck","author_url":"https:\/\/arend-fischbach.lu\/fr\/author\/sacha\/","title":"Expat Day 2026 &ndash; Arend &amp; Fischbach","type":"rich","width":600,"height":338,"html":"<blockquote class=\"wp-embedded-content\" data-secret=\"qCJZeUeMuv\"><a href=\"https:\/\/arend-fischbach.lu\/fr\/2026\/08\/25\/expat-day-2026\/\">Expat Day 2026<\/a><\/blockquote><iframe sandbox=\"allow-scripts\" security=\"restricted\" src=\"https:\/\/arend-fischbach.lu\/fr\/2026\/08\/25\/expat-day-2026\/embed\/#?secret=qCJZeUeMuv\" width=\"600\" height=\"338\" title=\"\u00ab\u00a0Expat Day 2026\u00a0\u00bb &#8212; Arend &amp; Fischbach\" data-secret=\"qCJZeUeMuv\" frameborder=\"0\" marginwidth=\"0\" marginheight=\"0\" scrolling=\"no\" class=\"wp-embedded-content\"><\/iframe><script type=\"text\/javascript\">\n\/*! This file is auto-generated *\/\n!function(c,d){\"use strict\";var e=!1,o=!1;if(d.querySelector)if(c.addEventListener)e=!0;if(c.wp=c.wp||{},c.wp.receiveEmbedMessage);else if(c.wp.receiveEmbedMessage=function(e){var t=e.data;if(!t);else if(!(t.secret||t.message||t.value));else if(\/[^a-zA-Z0-9]\/.test(t.secret));else{for(var r,s,a,i=d.querySelectorAll('iframe[data-secret=\"'+t.secret+'\"]'),n=d.querySelectorAll('blockquote[data-secret=\"'+t.secret+'\"]'),o=new RegExp(\"^https?:$\",\"i\"),l=0;l<n.length;l++)n[l].style.display=\"none\";for(l=0;l<i.length;l++)if(r=i[l],e.source!==r.contentWindow);else{if(r.removeAttribute(\"style\"),\"height\"===t.message){if(1e3<(s=parseInt(t.value,10)))s=1e3;else if(~~s<200)s=200;r.height=s}if(\"link\"===t.message)if(s=d.createElement(\"a\"),a=d.createElement(\"a\"),s.href=r.getAttribute(\"src\"),a.href=t.value,!o.test(a.protocol));else if(a.host===s.host)if(d.activeElement===r)c.top.location.href=t.value}}},e)c.addEventListener(\"message\",c.wp.receiveEmbedMessage,!1),d.addEventListener(\"DOMContentLoaded\",t,!1),c.addEventListener(\"load\",t,!1);function t(){if(o);else{o=!0;for(var e,t,r,s=-1!==navigator.appVersion.indexOf(\"MSIE 10\"),a=!!navigator.userAgent.match(\/Trident.*rv:11\\.\/),i=d.querySelectorAll(\"iframe.wp-embedded-content\"),n=0;n<i.length;n++){if(!(r=(t=i[n]).getAttribute(\"data-secret\")))r=Math.random().toString(36).substr(2,10),t.src+=\"#?secret=\"+r,t.setAttribute(\"data-secret\",r);if(s||a)(e=t.cloneNode(!0)).removeAttribute(\"security\"),t.parentNode.replaceChild(e,t);t.contentWindow.postMessage({message:\"ready\",secret:r},\"*\")}}}}(window,document);\n<\/script>\n","thumbnail_url":"https:\/\/arend-fischbach.lu\/wp-content\/uploads\/2026\/08\/Expat_Day_2026_Visual_AF_1920x1080-scaled.jpg","thumbnail_width":2560,"thumbnail_height":1440,"description":"Le dimanche 6 septembre 2026, le Your Luxembourg Expat Day sera de retour \u00e0 l\u2019Abbaye de Neum\u00fcnster, au Grund \u00e0 Luxembourg. De 10h00 \u00e0 18h00, les visiteurs pourront profiter d\u2019un programme vari\u00e9 m\u00ealant informations, rencontres et activit\u00e9s pour toute la famille. L\u2019Expat Day s\u2019adresse notamment aux personnes r\u00e9cemment install\u00e9es au Luxembourg, mais aussi \u00e0 toutes... Read more &raquo;"}

Le dimanche 6 septembre 2026, le Your Luxembourg Expat Day sera de retour à l’Abbaye de Neumünster, au Grund à Luxembourg. De 10h00 à 18h00, les visiteurs pourront profiter d’un programme varié mêlant informations, rencontres et activités pour toute la famille. L’Expat Day s’adresse notamment aux personnes récemment installées au Luxembourg, mais aussi à toutes... Read more &raquo;
